inder when 305 is divided by o.
57
Let o be (264/10)/(6 - (-585)/(-100)). Let b = -141 + o. What is the remainder when b is divided by 4?
3
Suppose -3*x + 4 = -2. Suppose -5*s = 20, -25 = -w + x*s + 3*s. What is the remainder when w is divided by (25 + 0)*-13*(-1)/65?
0
Let o = 628 + -504. What is the remainder when o is divided by 14?
12
Suppose 0 = -31*f + 2170 + 775. What is the remainder when f is divided by 44?
7
Let m(j) = -j**3 + 2*j + 1. Suppose -4*w + 2*p = -14, 3*w + 9*p - 4*p - 4 = 0. What is the remainder when w is divided by m(0)?
0
Let d be (18/4 + -2)*4. Calculate the remainder when -66*(d/6)/(-5) is divided by 12.
10
Let k(v) be the second derivative of v**5/20 - 7*v**4/12 + v**3/6 - v**2 - 2*v. Let o = 139 + -121. Calculate the remainder when o is divided by k(7).
3
Suppose -2*l + 2*r = 6*r + 4, -2*r = 3*l + 2. Suppose l = 7*v - 121 - 124. Calculate the remainder when v is divided by 9.
8
Let n be (-904)/2 - (2 - -1). Let j be (8/(-10))/(14/n). Suppose 3*i + 5 - j = 0. What is the remainder when 12 is divided by i?
5
Let q = -250 + 265. Calculate the remainder when 36 is divided by q.
6
Let b(v) = v**2 + 7*v + 10. Let l(f) = f**3 - 5*f**2 - 4*f - 2. Calculate the remainder when b(-8) is divided by l(6).
8
What is the remainder when 129 is divided by 4/12 - (-38)/3?
12
Let z = -59 + 61. Suppose -n - s = -z*s - 8, -n - 5*s = -32. Calculate the remainder when 59 is divided by n.
11
Let d = -71 - -74. Calculate the remainder when 50 is divided by (-90)/(-2)*-6*d/(-30).
23
Calculate the remainder when (70/21)/(1/105) is divided by 16.
14
Suppose -q = 4*u + 12, 2*u + q = 6*q - 28. Let t = 3 - 0. What is the remainder when t is divided by (-4 + 0 - -11) + u?
0
Let b(r) = 29*r**3 - r**2 + 1. Suppose -3*l - 2*u + 9 = 0, 2*l - 2*u - 8 = -4*u. What is the remainder when b(l) is divided by 17?
12
Let i = -119 - -129. What is the remainder when i is divided by 3?
1
Suppose -3*c = -1806 + 1764. What is the remainder when 29 is divided by c?
1
Let o = 8 - -22. Let v(w) = w**2 - w. Let q(t) = 10*t**2 - 5*t - 1. Let r(k) = q(k) - 3*v(k). What is the remainder when o is divided by r(-1)?
6
Calculate the remainder when ((-14)/(-2) + -6)*0 - -283 is divided by 16.
11
Let n be (-19)/(-4) - 9/12. Let s be ((-26)/(-39))/(n/138). What is the remainder when s + -3 + 2 + -2 is divided by 11?
9
Suppose -4 = 3*a + 50. Suppose 0 = -7*h - 2 + 107. Calculate the remainder when 4/a - (-659)/9 is divided by h.
13
Let c = 21 - 74. Calculate the remainder when (0 + c)*(-13 + 10) is divided by 23.
21
Suppose 5*n - 2*a = 6962, 4*n - 3448 - 2108 = 5*a. What is the remainder when n is divided by 93?
92
Suppose 995 = -5*j + 1330. Calculate the remainder when j is divided by 7.
4
Let b(s) = 1 + 2 - 3 - 26*s. Calculate the remainder when 50 is divided by b(-1).
24
Suppose -4 = -5*t + 11. Suppose -a - t*a = -28. Calculate the remainder when 46 is divided by a.
4
Let t be (-6)/14 + (-2160)/(-42). Let o = 65 - t. What is the remainder when o is divided by 5?
4
Let i(s) = -7*s + 3. Let k be i(-5). Let c(u) = 10*u + 29. Let t be c(-6). Let h = t + k. What is the remainder when 11 is divided by h?
4
Let z(f) = f**3 - 28*f**2 + 20*f + 199. Calculate the remainder when 49 is divided by z(27).
9
Let v(w) = -w**3 + 9*w**2 - 4*w - 3. Suppose -2*n - m = -4*n + 20, 4*m = n - 24. Let l be v(n). What is the remainder when l + -4*(-3)/(-6) is divided by 15?
12
Let l = 104 - 69. Calculate the remainder when 124 is divided by l.
19
Suppose 5*f = -k + 4*k + 646, -4*k - 264 = -2*f. Suppose 7*n = 96 + f. Let j = n + -12. What is the remainder when 39 is divided by j?
19
Let a(t) = t**2 - 10*t - 36. What is the remainder when 236 is divided by a(-4)?
16
Let j(n) = 2*n**2 - 32*n - 47. Let t = 333 + -235. Calculate the remainder when t is divided by j(18).
23
Calculate the remainder when 34 is divided by 56/8 + 2 + -2.
6
Calculate the remainder when 152/3 + 31/93 is divided by 20.
11
Suppose 0 = 15*r - 488 - 247. Calculate the remainder when 188 is divided by r.
41
Let b(p) = p**2 + 74*p + 557. Calculate the remainder when 966 is divided by b(-67).
86
Suppose -23*f + 2*c = -18*f - 252, 2*c - 248 = -5*f. What is the remainder when 357 is divided by f?
7
Suppose -45 = -4*p - 13. Suppose -3*t - p = 2*s - 49, -s + 13 = 4*t. What is the remainder when s is divided by 13?
12
Let p = 238 - 191. Calculate the remainder when 170 is divided by p.
29
Let j be 30/4*48/72. Suppose -2*u = 3*u - 2*p - 40, 16 = 2*u + j*p. Let x(q) = q**2 - q. What is the remainder when x(-5) is divided by u?
6
Let a = 1194 - 1183. Calculate the remainder when 65 is divided by a.
10
Let m = 0 + 2. Suppose -m*b = -4*b + 32. What is the remainder when 7 - (-2 - -9 - 47) is divided by b?
15
Let f = 242 - 223. Calculate the remainder when f is divided by 10.
9
Calculate the remainder when (-16)/(-40)*12545/26 is divided by 14.
11
Let h be (11 + -1)*4*8/64. Suppose n - 2*m + 31 = 81, 270 = h*n - 5*m. Calculate the remainder when 114 is divided by n.
56
Suppose 0 = -14*c + 391 + 729. What is the remainder when c is divided by 32?
16
Suppose 238 + 111 = -5*k + a, -4*a - 144 = 2*k. Let w be (-3)/2*k/15. Suppose w*i - 4*i - 30 = 0. What is the remainder when 27 is divided by i?
7
Suppose 27*l = 30*l - 897. Calculate the remainder when l is divided by 43.
41
Suppose -3*d - 225 + 3 = 0. Let v be ((-3)/((-6)/d))/1. Let p = 54 + v. What is the remainder when 32 is divided by p?
15
Suppose -69 + 24 = -3*k. Calculate the remainder when k is divided by 5.
0
Suppose -52 = -0*k + 4*k + t, -13 = k + 4*t. Let f = 26 + k. Calculate the remainder when 38 is divided by f.
12
Let r(b) = -b**3 - 2*b**2 + 4*b - 3. Let o be r(2). Let f(q) = -q + 20. Calculate the remainder when f(o) is divided by 11.
9
Suppose 0 = 5*f + 2*q - 801, f + 28 = -3*q + 183. Suppose 0 = -b + 3*b - 110. What is the remainder when f is divided by b?
51
Let b(h) = -2*h - 13. Let n(q) = 4*q + 25. Let t(k) = 11*b(k) + 6*n(k). Suppose 45 = -0*i + 5*i. Calculate the remainder when t(i) is divided by 7.
4
Suppose -3*v + 5*z + 701 = 0, 2*v - 4*z + 174 - 642 = 0. What is the remainder when v is divided by 26?
24
Let x(y) = y**2 - 9*y - 69. Calculate the remainder when 556 is divided by x(-7).
40
Let y = 1856 + -1827. What is the remainder when 186 is divided by y?
12
Let k = -184 - -191. Calculate the remainder when k is divided by 2/(-1) + (4 - 0).
1
Suppose 4*o - 2*o = 38. Calculate the remainder when 186 is divided by o.
15
Suppose -3*a - 8*n - 189 = -4*n, -4*n = -12. Let u = a + 94. Let l(j) = 34*j + 4. What is the remainder when l(3) is divided by u?
25
Suppose t - 1 = 4. Suppose -t*p + 104 = 29. What is the remainder when -87*((-96)/18 + 5) is divided by p?
14
Let z be -14*2*3/(-12). Let c = z + -17. What is the remainder when 19 is divided by (-3)/(6/c*1)?
4
Suppose -i = -3*i - 3*u + 31, 4*u = -4*i + 52. Suppose -14*k + 488 + 60 = -194. Calculate the remainder when k is divided by i.
5
Let g = 3 + 0. Suppose 0 = -5*h + g*h. What is the remainder when (h - -1)/(2/22) is divided by 3?
2
Let j(y) = y**2 - 1. Let u be 2/(-3) + (-2)/(-3). Suppose -4*x + u*f = -4*f - 32, -4*f = 2*x - 4. Calculate the remainder when x is divided by j(-2).
0
Let b be (2 + -6 + (2 - -1))*-9. Suppose 0*i + b*i - 846 = 0. Calculate the remainder when i is divided by 50.
44
Let o(s) be the second derivative of -s**5/20 - 13*s**4/12 + 3*s**3/2 - 6*s**2 + 13*s. Let p = -31 + 46. What is the remainder when o(-14) is divided by p?
13
Suppose 4*g + 5*m - 168 = 0, 6*g - 8*g + 3*m = -84. Calculate the remainder when 166 is divided by g.
40
Suppose 2*f + 4*c + 20 = 156, 4*c + 136 = 2*f. What is the remainder when 133 is divided by f?
65
Let y = -424 - -445. Suppose 74 + 49 = d. Calculate the remainder when d is divided by y.
18
Let m(w) = w**3 - 5*w**2 + 7*w + 1. What is the remainder when 204 is divided by m(4)?
9
Let k = 394 + 175. What is the remainder when k is divided by 13?
10
Let g = 696 - 619. Calculate the remainder when g is divided by 48.
29
Let y(s) = -s**3 + s**2 + 6*s - 3. Let i be y(3). What is the remainder when (1358/42)/(3*i/(-27)) is divided by 14?
13
Let d(n) = -5*n + 16. Suppose -2*c - v = -4*c - 6, 3*c - v + 10 = 0. What is the remainder when d(c) is divided by 8?
4
Suppose -532 = -2*t -